{"id":71,"date":"2014-10-23T12:02:52","date_gmt":"2014-10-23T10:02:52","guid":{"rendered":"http:\/\/www.pkw-anhaenger-achsen.de\/?page_id=71"},"modified":"2014-10-23T13:20:56","modified_gmt":"2014-10-23T11:20:56","slug":"impressum","status":"publish","type":"page","link":"https:\/\/www.pkw-anhaenger-achsen.de\/?page_id=71","title":{"rendered":"Impressum"},"content":{"rendered":"<h1><span style=\"color: #ff6600;\"><strong>Impressum<\/strong><\/span><\/h1>\n<div id=\"attachment_66\" style=\"width: 300px\" class=\"wp-caption alignright\"><a href=\"https:\/\/www.wiedemann-fahrzeugtechnik.de\/content\/impressum\/\"><img loading=\"lazy\" decoding=\"async\" aria-describedby=\"caption-attachment-66\" class=\"wp-image-66 size-medium\" src=\"https:\/\/www.pkw-anhaenger-achsen.de\/wp-content\/uploads\/2014\/10\/Wiedemann-300x120.jpg\" alt=\"Wiedemann Fahrzeugtechnik GmbH &amp; Co. KG\" width=\"300\" height=\"120\" \/><\/a><p id=\"caption-attachment-66\" class=\"wp-caption-text\">Wiedemann Fahrzeugtechnik GmbH &amp; Co. KG<\/p><\/div>\n<div><\/div>\n<div>Wiedemann Fahrzeugtechnik GmbH &amp; Co. KG<\/div>\n<div>Innstrasse 11<\/div>\n<div>D-83543 Rott am Inn<\/div>\n<div>Telefon: +49 (0)8039 901400<\/div>\n<div>Telefax: +49 (0)8039 9014029<\/div>\n<div>E-Mail: info@wiedemann-fahrzeugtechnik.de<\/div>\n<div><\/div>\n<div>Pers\u00f6nlich haftende Gesellschafterin: Wiedemann Verwaltungs GmbH<\/div>\n<div>Gesch\u00e4ftsf\u00fchrer der Wiedemann Verwaltungs GmbH: Herbert Wiedemann<\/div>\n<div><\/div>\n<div>Registergericht: Amtsgericht Traunstein<\/div>\n<div>Registernummer der GmbH &amp; Co. KG: HRA 10285<\/div>\n<div>Registernummer der GmbH: HRB 19615<\/div>\n<div><\/div>\n<div>Umsatzsteuer-Identitifikationsnummer gem. \u00a7 27a UStG: DE268092774<\/div>\n<div>Steuernummer der GmbH &amp; Co. KG: 156\/182\/02205<\/div>\n<div>Wirtschaftsidentifikationsnummer gem. \u00a7 139c AO: \u00a0USt-ID-Nr. DE268092774<\/div>\n<div><\/div>\n","protected":false},"excerpt":{"rendered":"<p>Impressum Wiedemann Fahrzeugtechnik GmbH &amp; Co. KG Innstrasse 11 D-83543 Rott am Inn Telefon: +49 (0)8039 901400 Telefax: +49 (0)8039 9014029 E-Mail: info@wiedemann-fahrzeugtechnik.de Pers\u00f6nlich haftende Gesellschafterin: Wiedemann Verwaltungs GmbH Gesch\u00e4ftsf\u00fchrer der Wiedemann Verwaltungs GmbH: Herbert Wiedemann Registergericht: Amtsgericht Traunstein Registernummer der GmbH &amp; Co. KG: HRA 10285 Registernummer der GmbH: HRB 19615 Umsatzsteuer-Identitifikationsnummer gem. \u00a7 &hellip; <\/p>\n<p><a class=\"more-link btn\" href=\"https:\/\/www.pkw-anhaenger-achsen.de\/?page_id=71\">Weiterlesen<\/a><\/p>\n","protected":false},"author":1,"featured_media":0,"parent":0,"menu_order":6,"comment_status":"open","ping_status":"open","template":"","meta":{"footnotes":""},"class_list":["post-71","page","type-page","status-publish","hentry","nodate","item-wrap"],"yoast_head":"<!-- This site is optimized with the Yoast SEO plugin v27.4 - https:\/\/yoast.com\/product\/yoast-seo-wordpress\/ -->\n<title>Impressum - PKW-Anh\u00e4nger-Achsen.de<\/title>\n<meta name=\"robots\" content=\"index, follow, max-snippet:-1, max-image-preview:large, max-video-preview:-1\" \/>\n<link rel=\"canonical\" href=\"https:\/\/www.pkw-anhaenger-achsen.de\/?page_id=71\" \/>\n<meta property=\"og:locale\" content=\"de_DE\" \/>\n<meta property=\"og:type\" content=\"article\" \/>\n<meta property=\"og:title\" content=\"Impressum - PKW-Anh\u00e4nger-Achsen.de\" \/>\n<meta property=\"og:description\" content=\"Impressum Wiedemann Fahrzeugtechnik GmbH &amp; Co. KG Innstrasse 11 D-83543 Rott am Inn Telefon: +49 (0)8039 901400 Telefax: +49 (0)8039 9014029 E-Mail: info@wiedemann-fahrzeugtechnik.de Pers\u00f6nlich haftende Gesellschafterin: Wiedemann Verwaltungs GmbH Gesch\u00e4ftsf\u00fchrer der Wiedemann Verwaltungs GmbH: Herbert Wiedemann Registergericht: Amtsgericht Traunstein Registernummer der GmbH &amp; Co. KG: HRA 10285 Registernummer der GmbH: HRB 19615 Umsatzsteuer-Identitifikationsnummer gem. \u00a7 &hellip; Weiterlesen\" \/>\n<meta property=\"og:url\" content=\"https:\/\/www.pkw-anhaenger-achsen.de\/?page_id=71\" \/>\n<meta property=\"og:site_name\" content=\"PKW-Anh\u00e4nger-Achsen.de\" \/>\n<meta property=\"article:modified_time\" content=\"2014-10-23T11:20:56+00:00\" \/>\n<meta property=\"og:image\" content=\"http:\/\/www.pkw-anhaenger-achsen.de\/wp-content\/uploads\/2014\/10\/Wiedemann-300x120.jpg\" \/>\n<script type=\"application\/ld+json\" class=\"yoast-schema-graph\">{\"@context\":\"https:\\\/\\\/schema.org\",\"@graph\":[{\"@type\":\"WebPage\",\"@id\":\"https:\\\/\\\/www.pkw-anhaenger-achsen.de\\\/?page_id=71\",\"url\":\"https:\\\/\\\/www.pkw-anhaenger-achsen.de\\\/?page_id=71\",\"name\":\"Impressum - PKW-Anh\u00e4nger-Achsen.de\",\"isPartOf\":{\"@id\":\"https:\\\/\\\/www.pkw-anhaenger-achsen.de\\\/#website\"},\"primaryImageOfPage\":{\"@id\":\"https:\\\/\\\/www.pkw-anhaenger-achsen.de\\\/?page_id=71#primaryimage\"},\"image\":{\"@id\":\"https:\\\/\\\/www.pkw-anhaenger-achsen.de\\\/?page_id=71#primaryimage\"},\"thumbnailUrl\":\"http:\\\/\\\/www.pkw-anhaenger-achsen.de\\\/wp-content\\\/uploads\\\/2014\\\/10\\\/Wiedemann-300x120.jpg\",\"datePublished\":\"2014-10-23T10:02:52+00:00\",\"dateModified\":\"2014-10-23T11:20:56+00:00\",\"breadcrumb\":{\"@id\":\"https:\\\/\\\/www.pkw-anhaenger-achsen.de\\\/?page_id=71#breadcrumb\"},\"inLanguage\":\"de\",\"potentialAction\":[{\"@type\":\"ReadAction\",\"target\":[\"https:\\\/\\\/www.pkw-anhaenger-achsen.de\\\/?page_id=71\"]}]},{\"@type\":\"ImageObject\",\"inLanguage\":\"de\",\"@id\":\"https:\\\/\\\/www.pkw-anhaenger-achsen.de\\\/?page_id=71#primaryimage\",\"url\":\"http:\\\/\\\/www.pkw-anhaenger-achsen.de\\\/wp-content\\\/uploads\\\/2014\\\/10\\\/Wiedemann-300x120.jpg\",\"contentUrl\":\"http:\\\/\\\/www.pkw-anhaenger-achsen.de\\\/wp-content\\\/uploads\\\/2014\\\/10\\\/Wiedemann-300x120.jpg\"},{\"@type\":\"BreadcrumbList\",\"@id\":\"https:\\\/\\\/www.pkw-anhaenger-achsen.de\\\/?page_id=71#breadcrumb\",\"itemListElement\":[{\"@type\":\"ListItem\",\"position\":1,\"name\":\"Home\",\"item\":\"https:\\\/\\\/www.pkw-anhaenger-achsen.de\\\/\"},{\"@type\":\"ListItem\",\"position\":2,\"name\":\"Impressum\"}]},{\"@type\":\"WebSite\",\"@id\":\"https:\\\/\\\/www.pkw-anhaenger-achsen.de\\\/#website\",\"url\":\"https:\\\/\\\/www.pkw-anhaenger-achsen.de\\\/\",\"name\":\"PKW-Anh\u00e4nger-Achsen.de\",\"description\":\"Eine weitere WordPress-Seite\",\"potentialAction\":[{\"@type\":\"SearchAction\",\"target\":{\"@type\":\"EntryPoint\",\"urlTemplate\":\"https:\\\/\\\/www.pkw-anhaenger-achsen.de\\\/?s={search_term_string}\"},\"query-input\":{\"@type\":\"PropertyValueSpecification\",\"valueRequired\":true,\"valueName\":\"search_term_string\"}}],\"inLanguage\":\"de\"}]}<\/script>\n<!-- \/ Yoast SEO plugin. -->","yoast_head_json":{"title":"Impressum - PKW-Anh\u00e4nger-Achsen.de","robots":{"index":"index","follow":"follow","max-snippet":"max-snippet:-1","max-image-preview":"max-image-preview:large","max-video-preview":"max-video-preview:-1"},"canonical":"https:\/\/www.pkw-anhaenger-achsen.de\/?page_id=71","og_locale":"de_DE","og_type":"article","og_title":"Impressum - PKW-Anh\u00e4nger-Achsen.de","og_description":"Impressum Wiedemann Fahrzeugtechnik GmbH &amp; Co. KG Innstrasse 11 D-83543 Rott am Inn Telefon: +49 (0)8039 901400 Telefax: +49 (0)8039 9014029 E-Mail: info@wiedemann-fahrzeugtechnik.de Pers\u00f6nlich haftende Gesellschafterin: Wiedemann Verwaltungs GmbH Gesch\u00e4ftsf\u00fchrer der Wiedemann Verwaltungs GmbH: Herbert Wiedemann Registergericht: Amtsgericht Traunstein Registernummer der GmbH &amp; Co. KG: HRA 10285 Registernummer der GmbH: HRB 19615 Umsatzsteuer-Identitifikationsnummer gem. \u00a7 &hellip; Weiterlesen","og_url":"https:\/\/www.pkw-anhaenger-achsen.de\/?page_id=71","og_site_name":"PKW-Anh\u00e4nger-Achsen.de","article_modified_time":"2014-10-23T11:20:56+00:00","og_image":[{"url":"http:\/\/www.pkw-anhaenger-achsen.de\/wp-content\/uploads\/2014\/10\/Wiedemann-300x120.jpg","type":"","width":"","height":""}],"schema":{"@context":"https:\/\/schema.org","@graph":[{"@type":"WebPage","@id":"https:\/\/www.pkw-anhaenger-achsen.de\/?page_id=71","url":"https:\/\/www.pkw-anhaenger-achsen.de\/?page_id=71","name":"Impressum - PKW-Anh\u00e4nger-Achsen.de","isPartOf":{"@id":"https:\/\/www.pkw-anhaenger-achsen.de\/#website"},"primaryImageOfPage":{"@id":"https:\/\/www.pkw-anhaenger-achsen.de\/?page_id=71#primaryimage"},"image":{"@id":"https:\/\/www.pkw-anhaenger-achsen.de\/?page_id=71#primaryimage"},"thumbnailUrl":"http:\/\/www.pkw-anhaenger-achsen.de\/wp-content\/uploads\/2014\/10\/Wiedemann-300x120.jpg","datePublished":"2014-10-23T10:02:52+00:00","dateModified":"2014-10-23T11:20:56+00:00","breadcrumb":{"@id":"https:\/\/www.pkw-anhaenger-achsen.de\/?page_id=71#breadcrumb"},"inLanguage":"de","potentialAction":[{"@type":"ReadAction","target":["https:\/\/www.pkw-anhaenger-achsen.de\/?page_id=71"]}]},{"@type":"ImageObject","inLanguage":"de","@id":"https:\/\/www.pkw-anhaenger-achsen.de\/?page_id=71#primaryimage","url":"http:\/\/www.pkw-anhaenger-achsen.de\/wp-content\/uploads\/2014\/10\/Wiedemann-300x120.jpg","contentUrl":"http:\/\/www.pkw-anhaenger-achsen.de\/wp-content\/uploads\/2014\/10\/Wiedemann-300x120.jpg"},{"@type":"BreadcrumbList","@id":"https:\/\/www.pkw-anhaenger-achsen.de\/?page_id=71#breadcrumb","itemListElement":[{"@type":"ListItem","position":1,"name":"Home","item":"https:\/\/www.pkw-anhaenger-achsen.de\/"},{"@type":"ListItem","position":2,"name":"Impressum"}]},{"@type":"WebSite","@id":"https:\/\/www.pkw-anhaenger-achsen.de\/#website","url":"https:\/\/www.pkw-anhaenger-achsen.de\/","name":"PKW-Anh\u00e4nger-Achsen.de","description":"Eine weitere WordPress-Seite","potentialAction":[{"@type":"SearchAction","target":{"@type":"EntryPoint","urlTemplate":"https:\/\/www.pkw-anhaenger-achsen.de\/?s={search_term_string}"},"query-input":{"@type":"PropertyValueSpecification","valueRequired":true,"valueName":"search_term_string"}}],"inLanguage":"de"}]}},"_links":{"self":[{"href":"https:\/\/www.pkw-anhaenger-achsen.de\/index.php?rest_route=\/wp\/v2\/pages\/71","targetHints":{"allow":["GET"]}}],"collection":[{"href":"https:\/\/www.pkw-anhaenger-achsen.de\/index.php?rest_route=\/wp\/v2\/pages"}],"about":[{"href":"https:\/\/www.pkw-anhaenger-achsen.de\/index.php?rest_route=\/wp\/v2\/types\/page"}],"author":[{"embeddable":true,"href":"https:\/\/www.pkw-anhaenger-achsen.de\/index.php?rest_route=\/wp\/v2\/users\/1"}],"replies":[{"embeddable":true,"href":"https:\/\/www.pkw-anhaenger-achsen.de\/index.php?rest_route=%2Fwp%2Fv2%2Fcomments&post=71"}],"version-history":[{"count":1,"href":"https:\/\/www.pkw-anhaenger-achsen.de\/index.php?rest_route=\/wp\/v2\/pages\/71\/revisions"}],"predecessor-version":[{"id":72,"href":"https:\/\/www.pkw-anhaenger-achsen.de\/index.php?rest_route=\/wp\/v2\/pages\/71\/revisions\/72"}],"wp:attachment":[{"href":"https:\/\/www.pkw-anhaenger-achsen.de\/index.php?rest_route=%2Fwp%2Fv2%2Fmedia&parent=71"}],"curies":[{"name":"wp","href":"https:\/\/api.w.org\/{rel}","templated":true}]}}