{"id":22,"date":"2014-10-23T09:41:29","date_gmt":"2014-10-23T07:41:29","guid":{"rendered":"http:\/\/www.pkw-anhaenger-achsen.de\/?page_id=22"},"modified":"2014-10-30T13:00:18","modified_gmt":"2014-10-30T11:00:18","slug":"pkw-anhaenger-achsen-2","status":"publish","type":"page","link":"https:\/\/www.pkw-anhaenger-achsen.de\/?page_id=22","title":{"rendered":"PKW-Anh\u00e4nger-Achsen"},"content":{"rendered":"<h1><strong><span style=\"color: #ff6600;\">PKW-Anh\u00e4nger-Achsen<\/span><\/strong><\/h1>\n<p>&nbsp;<\/p>\n<h2>\u00a0<span style=\"color: #0000ff;\"><strong>Achsen f\u00fcr PKW-Anh\u00e4nger sind so vielf\u00e4ltig\u2026<\/strong><\/span><\/h2>\n<div id=\"attachment_37\" style=\"width: 300px\" class=\"wp-caption alignright\"><a href=\"https:\/\/www.pkw-anhaenger-achsen.de\/wp-content\/uploads\/2014\/10\/AlkoAchse1800kggebremst.jpg\"><img loading=\"lazy\" decoding=\"async\" aria-describedby=\"caption-attachment-37\" class=\"wp-image-37 size-medium\" src=\"https:\/\/www.pkw-anhaenger-achsen.de\/wp-content\/uploads\/2014\/10\/AlkoAchse1800kggebremst-300x199.jpg\" alt=\"PKW-Anh\u00e4nger-Achsen\" width=\"300\" height=\"199\" srcset=\"https:\/\/www.pkw-anhaenger-achsen.de\/wp-content\/uploads\/2014\/10\/AlkoAchse1800kggebremst-300x199.jpg 300w, https:\/\/www.pkw-anhaenger-achsen.de\/wp-content\/uploads\/2014\/10\/AlkoAchse1800kggebremst.jpg 800w\" sizes=\"auto, (max-width: 300px) 100vw, 300px\" \/><\/a><p id=\"caption-attachment-37\" class=\"wp-caption-text\">PKW-Anh\u00e4nger-Achsen<\/p><\/div>\n<p>\u2026wie es die verschiedensten Arten von Anh\u00e4ngern gibt. Wiedemann Fahrzeugtechnik bietet in seinem Onlineshop f\u00fcr Anh\u00e4ngerteile eine breite Palette namhafter Hersteller dazu an. Dazu z\u00e4hlen die f\u00fchrenden Hersteller von Anh\u00e4ngerzubeh\u00f6r wie zum Beispiel <strong><a title=\"Achsen AL-KO im Onlineshop f\u00fcr Anh\u00e4ngerteile\" href=\"https:\/\/www.wiedemann-fahrzeugtechnik.de\/achsen-klemmschalen\/achsen-alko\/\" target=\"_blank\" rel=\"nofollow\">AL-KO<\/a><\/strong>, <a title=\"Achsen von KNOTT im Onlineshop f\u00fcr Anh\u00e4ngerteile\" href=\"https:\/\/www.wiedemann-fahrzeugtechnik.de\/achsen-klemmschalen\/achsen-knott\/\" target=\"_blank\" rel=\"nofollow\"><strong>KNOTT<\/strong><\/a>\u00a0oder <strong><a title=\"Achsen von BPW im Onlineshop f\u00fcr Anh\u00e4ngerteile\" href=\"https:\/\/www.wiedemann-fahrzeugtechnik.de\/achsen-klemmschalen\/achsen-bpw\/\" target=\"_blank\" rel=\"nofollow\">PBW<\/a><\/strong><\/p>\n<p>&nbsp;<\/p>\n<h2><strong><span style=\"color: #0000ff;\">Achsen werden unterteilt in &#8230;<\/span><\/strong><\/h2>\n<p>&#8230; gebremste und ungebremste Achsen, Hochbockachsen, Achsen mit und ohne automatischer Bremsnachstellung, Tandemaggregate, Starrachsen mit Blattfederung oder gebremste Stahlfederachsen. Ein weiteres Unterscheidungsmerkmal ist die zul\u00e4ssige Achslast. Hier reicht die Spannweite von 750 Kilogramm bis 4 Tonnen. F\u00fcr die Auswahl einer Achse ist auch der Radanschluss bestimmend. In der Regel wird es 100 x 4 oder 112 x 5 sein.<\/p>\n<p>&nbsp;<\/p>\n<h2><strong><span style=\"color: #0000ff;\">Anlage und Auflage<\/span><\/strong><\/h2>\n<p>Weitere Auswahlelemente sind die Anlage und Auflage. Als Anlage wird der Abstand zwischen den Achsscheiben bezeichnet, w\u00e4hrend als Auflage die L\u00e4nge bezeichnet wird, auf dem der Anh\u00e4nger auf dem Achsk\u00f6rper aufliegt.<\/p>\n<p>&nbsp;<\/p>\n<h2><strong><span style=\"color: #0000ff;\">Federung<\/span><\/strong><\/h2>\n<p>Wichtige Auswahlpunkte sind auch die Art der Federung. Dies ist bei AL-KO zum Beispiel die Sechskant-Gummifederung. Die AL-KO Sechskant-Gummifederung wurde entwickelt f\u00fcr mehr Fahrkomfort und Fahrsicherheit und f\u00fcr den schonenden Transport diffiziler G\u00fcter. Durch das Sechskant-Au\u00dfenrohr in Verbindung mit dem Dreikant-Innenrohr werden die gr\u00f6\u00dftm\u00f6glichen Federwege erreicht. Beim Federvorgang wird kein Gummi gequetscht, sondern die Federung erh\u00e4lt Raum zum Arbeiten, auch Walken genannt.<\/p>\n<p>&nbsp;<\/p>\n<h2><strong><span style=\"color: #0000ff;\">Einzelradaufh\u00e4ngung<\/span><\/strong><\/h2>\n<p>Zus\u00e4tzlich erm\u00f6glicht eine Einzelradaufh\u00e4ngung eine Federung f\u00fcr jedes einzelne Rad. Das bedeutet, Fahrbahnunebenheiten wirken somit nur auf der Seite, auf der sie entstehen.<\/p>\n<p>&nbsp;<\/p>\n<h2><strong><span style=\"color: #0000ff;\">verbesserte Laufleistung<\/span><\/strong><\/h2>\n<p>Zu den unverzichtbaren Details einer AL-KO-Achse z\u00e4hlt auch die verbesserte W\u00e4rmeabf\u00fchrung, die f\u00fcr eine Laufleistung bis 250.000 Kilometer konzeptioniert werden.<\/p>\n<p>&nbsp;<\/p>\n<h2><strong><span style=\"color: #0000ff;\">Korrosionsschutz<\/span><\/strong><\/h2>\n<p>Zufriedene Kunden der AL-KO-Achsen loben auch den hohen Korrosionsschutz. Die Achsk\u00f6rper sind feuerverzinkt. Bremsschild und diverse Kleinteile sind galvanisch verzinkt und zus\u00e4tzlich gelb chromatiert. Die Bremsbel\u00e4ge sind asbestfrei und frei von Stahlwolle. Staubblech au\u00dfen sch\u00fctzt das Lager vor Schmutz und Wasser.<\/p>\n<p>&nbsp;<\/p>\n<p>&nbsp;<\/p>\n","protected":false},"excerpt":{"rendered":"<p>PKW-Anh\u00e4nger-Achsen &nbsp; \u00a0Achsen f\u00fcr PKW-Anh\u00e4nger sind so vielf\u00e4ltig\u2026 \u2026wie es die verschiedensten Arten von Anh\u00e4ngern gibt. Wiedemann Fahrzeugtechnik bietet in seinem Onlineshop f\u00fcr Anh\u00e4ngerteile eine breite Palette namhafter Hersteller dazu an. Dazu z\u00e4hlen die f\u00fchrenden Hersteller von Anh\u00e4ngerzubeh\u00f6r wie zum Beispiel AL-KO, KNOTT\u00a0oder PBW &nbsp; Achsen werden unterteilt in &#8230; &#8230; gebremste und ungebremste Achsen, &hellip; <\/p>\n<p><a class=\"more-link btn\" href=\"https:\/\/www.pkw-anhaenger-achsen.de\/?page_id=22\">Weiterlesen<\/a><\/p>\n","protected":false},"author":1,"featured_media":0,"parent":0,"menu_order":3,"comment_status":"open","ping_status":"open","template":"","meta":{"footnotes":""},"class_list":["post-22","page","type-page","status-publish","hentry","nodate","item-wrap"],"yoast_head":"<!-- This site is optimized with the Yoast SEO plugin v27.4 - https:\/\/yoast.com\/product\/yoast-seo-wordpress\/ -->\n<title>PKW-Anh\u00e4nger-Achsen - PKW-Anh\u00e4nger-Achsen.de<\/title>\n<meta name=\"robots\" content=\"index, follow, max-snippet:-1, max-image-preview:large, max-video-preview:-1\" \/>\n<link rel=\"canonical\" href=\"https:\/\/www.pkw-anhaenger-achsen.de\/?page_id=22\" \/>\n<meta property=\"og:locale\" content=\"de_DE\" \/>\n<meta property=\"og:type\" content=\"article\" \/>\n<meta property=\"og:title\" content=\"PKW-Anh\u00e4nger-Achsen - PKW-Anh\u00e4nger-Achsen.de\" \/>\n<meta property=\"og:description\" content=\"PKW-Anh\u00e4nger-Achsen &nbsp; \u00a0Achsen f\u00fcr PKW-Anh\u00e4nger sind so vielf\u00e4ltig\u2026 \u2026wie es die verschiedensten Arten von Anh\u00e4ngern gibt. Wiedemann Fahrzeugtechnik bietet in seinem Onlineshop f\u00fcr Anh\u00e4ngerteile eine breite Palette namhafter Hersteller dazu an. Dazu z\u00e4hlen die f\u00fchrenden Hersteller von Anh\u00e4ngerzubeh\u00f6r wie zum Beispiel AL-KO, KNOTT\u00a0oder PBW &nbsp; Achsen werden unterteilt in &#8230; &#8230; gebremste und ungebremste Achsen, &hellip; Weiterlesen\" \/>\n<meta property=\"og:url\" content=\"https:\/\/www.pkw-anhaenger-achsen.de\/?page_id=22\" \/>\n<meta property=\"og:site_name\" content=\"PKW-Anh\u00e4nger-Achsen.de\" \/>\n<meta property=\"article:modified_time\" content=\"2014-10-30T11:00:18+00:00\" \/>\n<meta property=\"og:image\" content=\"http:\/\/www.pkw-anhaenger-achsen.de\/wp-content\/uploads\/2014\/10\/AlkoAchse1800kggebremst-300x199.jpg\" \/>\n<meta name=\"twitter:label1\" content=\"Gesch\u00e4tzte Lesezeit\" \/>\n\t<meta name=\"twitter:data1\" content=\"2\u00a0Minuten\" \/>\n<script type=\"application\/ld+json\" class=\"yoast-schema-graph\">{\"@context\":\"https:\\\/\\\/schema.org\",\"@graph\":[{\"@type\":\"WebPage\",\"@id\":\"https:\\\/\\\/www.pkw-anhaenger-achsen.de\\\/?page_id=22\",\"url\":\"https:\\\/\\\/www.pkw-anhaenger-achsen.de\\\/?page_id=22\",\"name\":\"PKW-Anh\u00e4nger-Achsen - PKW-Anh\u00e4nger-Achsen.de\",\"isPartOf\":{\"@id\":\"https:\\\/\\\/www.pkw-anhaenger-achsen.de\\\/#website\"},\"primaryImageOfPage\":{\"@id\":\"https:\\\/\\\/www.pkw-anhaenger-achsen.de\\\/?page_id=22#primaryimage\"},\"image\":{\"@id\":\"https:\\\/\\\/www.pkw-anhaenger-achsen.de\\\/?page_id=22#primaryimage\"},\"thumbnailUrl\":\"http:\\\/\\\/www.pkw-anhaenger-achsen.de\\\/wp-content\\\/uploads\\\/2014\\\/10\\\/AlkoAchse1800kggebremst-300x199.jpg\",\"datePublished\":\"2014-10-23T07:41:29+00:00\",\"dateModified\":\"2014-10-30T11:00:18+00:00\",\"breadcrumb\":{\"@id\":\"https:\\\/\\\/www.pkw-anhaenger-achsen.de\\\/?page_id=22#breadcrumb\"},\"inLanguage\":\"de\",\"potentialAction\":[{\"@type\":\"ReadAction\",\"target\":[\"https:\\\/\\\/www.pkw-anhaenger-achsen.de\\\/?page_id=22\"]}]},{\"@type\":\"ImageObject\",\"inLanguage\":\"de\",\"@id\":\"https:\\\/\\\/www.pkw-anhaenger-achsen.de\\\/?page_id=22#primaryimage\",\"url\":\"http:\\\/\\\/www.pkw-anhaenger-achsen.de\\\/wp-content\\\/uploads\\\/2014\\\/10\\\/AlkoAchse1800kggebremst-300x199.jpg\",\"contentUrl\":\"http:\\\/\\\/www.pkw-anhaenger-achsen.de\\\/wp-content\\\/uploads\\\/2014\\\/10\\\/AlkoAchse1800kggebremst-300x199.jpg\"},{\"@type\":\"BreadcrumbList\",\"@id\":\"https:\\\/\\\/www.pkw-anhaenger-achsen.de\\\/?page_id=22#breadcrumb\",\"itemListElement\":[{\"@type\":\"ListItem\",\"position\":1,\"name\":\"Home\",\"item\":\"https:\\\/\\\/www.pkw-anhaenger-achsen.de\\\/\"},{\"@type\":\"ListItem\",\"position\":2,\"name\":\"PKW-Anh\u00e4nger-Achsen\"}]},{\"@type\":\"WebSite\",\"@id\":\"https:\\\/\\\/www.pkw-anhaenger-achsen.de\\\/#website\",\"url\":\"https:\\\/\\\/www.pkw-anhaenger-achsen.de\\\/\",\"name\":\"PKW-Anh\u00e4nger-Achsen.de\",\"description\":\"Eine weitere WordPress-Seite\",\"potentialAction\":[{\"@type\":\"SearchAction\",\"target\":{\"@type\":\"EntryPoint\",\"urlTemplate\":\"https:\\\/\\\/www.pkw-anhaenger-achsen.de\\\/?s={search_term_string}\"},\"query-input\":{\"@type\":\"PropertyValueSpecification\",\"valueRequired\":true,\"valueName\":\"search_term_string\"}}],\"inLanguage\":\"de\"}]}<\/script>\n<!-- \/ Yoast SEO plugin. -->","yoast_head_json":{"title":"PKW-Anh\u00e4nger-Achsen - PKW-Anh\u00e4nger-Achsen.de","robots":{"index":"index","follow":"follow","max-snippet":"max-snippet:-1","max-image-preview":"max-image-preview:large","max-video-preview":"max-video-preview:-1"},"canonical":"https:\/\/www.pkw-anhaenger-achsen.de\/?page_id=22","og_locale":"de_DE","og_type":"article","og_title":"PKW-Anh\u00e4nger-Achsen - PKW-Anh\u00e4nger-Achsen.de","og_description":"PKW-Anh\u00e4nger-Achsen &nbsp; \u00a0Achsen f\u00fcr PKW-Anh\u00e4nger sind so vielf\u00e4ltig\u2026 \u2026wie es die verschiedensten Arten von Anh\u00e4ngern gibt. Wiedemann Fahrzeugtechnik bietet in seinem Onlineshop f\u00fcr Anh\u00e4ngerteile eine breite Palette namhafter Hersteller dazu an. Dazu z\u00e4hlen die f\u00fchrenden Hersteller von Anh\u00e4ngerzubeh\u00f6r wie zum Beispiel AL-KO, KNOTT\u00a0oder PBW &nbsp; Achsen werden unterteilt in &#8230; &#8230; gebremste und ungebremste Achsen, &hellip; Weiterlesen","og_url":"https:\/\/www.pkw-anhaenger-achsen.de\/?page_id=22","og_site_name":"PKW-Anh\u00e4nger-Achsen.de","article_modified_time":"2014-10-30T11:00:18+00:00","og_image":[{"url":"http:\/\/www.pkw-anhaenger-achsen.de\/wp-content\/uploads\/2014\/10\/AlkoAchse1800kggebremst-300x199.jpg","type":"","width":"","height":""}],"twitter_misc":{"Gesch\u00e4tzte Lesezeit":"2\u00a0Minuten"},"schema":{"@context":"https:\/\/schema.org","@graph":[{"@type":"WebPage","@id":"https:\/\/www.pkw-anhaenger-achsen.de\/?page_id=22","url":"https:\/\/www.pkw-anhaenger-achsen.de\/?page_id=22","name":"PKW-Anh\u00e4nger-Achsen - PKW-Anh\u00e4nger-Achsen.de","isPartOf":{"@id":"https:\/\/www.pkw-anhaenger-achsen.de\/#website"},"primaryImageOfPage":{"@id":"https:\/\/www.pkw-anhaenger-achsen.de\/?page_id=22#primaryimage"},"image":{"@id":"https:\/\/www.pkw-anhaenger-achsen.de\/?page_id=22#primaryimage"},"thumbnailUrl":"http:\/\/www.pkw-anhaenger-achsen.de\/wp-content\/uploads\/2014\/10\/AlkoAchse1800kggebremst-300x199.jpg","datePublished":"2014-10-23T07:41:29+00:00","dateModified":"2014-10-30T11:00:18+00:00","breadcrumb":{"@id":"https:\/\/www.pkw-anhaenger-achsen.de\/?page_id=22#breadcrumb"},"inLanguage":"de","potentialAction":[{"@type":"ReadAction","target":["https:\/\/www.pkw-anhaenger-achsen.de\/?page_id=22"]}]},{"@type":"ImageObject","inLanguage":"de","@id":"https:\/\/www.pkw-anhaenger-achsen.de\/?page_id=22#primaryimage","url":"http:\/\/www.pkw-anhaenger-achsen.de\/wp-content\/uploads\/2014\/10\/AlkoAchse1800kggebremst-300x199.jpg","contentUrl":"http:\/\/www.pkw-anhaenger-achsen.de\/wp-content\/uploads\/2014\/10\/AlkoAchse1800kggebremst-300x199.jpg"},{"@type":"BreadcrumbList","@id":"https:\/\/www.pkw-anhaenger-achsen.de\/?page_id=22#breadcrumb","itemListElement":[{"@type":"ListItem","position":1,"name":"Home","item":"https:\/\/www.pkw-anhaenger-achsen.de\/"},{"@type":"ListItem","position":2,"name":"PKW-Anh\u00e4nger-Achsen"}]},{"@type":"WebSite","@id":"https:\/\/www.pkw-anhaenger-achsen.de\/#website","url":"https:\/\/www.pkw-anhaenger-achsen.de\/","name":"PKW-Anh\u00e4nger-Achsen.de","description":"Eine weitere WordPress-Seite","potentialAction":[{"@type":"SearchAction","target":{"@type":"EntryPoint","urlTemplate":"https:\/\/www.pkw-anhaenger-achsen.de\/?s={search_term_string}"},"query-input":{"@type":"PropertyValueSpecification","valueRequired":true,"valueName":"search_term_string"}}],"inLanguage":"de"}]}},"_links":{"self":[{"href":"https:\/\/www.pkw-anhaenger-achsen.de\/index.php?rest_route=\/wp\/v2\/pages\/22","targetHints":{"allow":["GET"]}}],"collection":[{"href":"https:\/\/www.pkw-anhaenger-achsen.de\/index.php?rest_route=\/wp\/v2\/pages"}],"about":[{"href":"https:\/\/www.pkw-anhaenger-achsen.de\/index.php?rest_route=\/wp\/v2\/types\/page"}],"author":[{"embeddable":true,"href":"https:\/\/www.pkw-anhaenger-achsen.de\/index.php?rest_route=\/wp\/v2\/users\/1"}],"replies":[{"embeddable":true,"href":"https:\/\/www.pkw-anhaenger-achsen.de\/index.php?rest_route=%2Fwp%2Fv2%2Fcomments&post=22"}],"version-history":[{"count":9,"href":"https:\/\/www.pkw-anhaenger-achsen.de\/index.php?rest_route=\/wp\/v2\/pages\/22\/revisions"}],"predecessor-version":[{"id":89,"href":"https:\/\/www.pkw-anhaenger-achsen.de\/index.php?rest_route=\/wp\/v2\/pages\/22\/revisions\/89"}],"wp:attachment":[{"href":"https:\/\/www.pkw-anhaenger-achsen.de\/index.php?rest_route=%2Fwp%2Fv2%2Fmedia&parent=22"}],"curies":[{"name":"wp","href":"https:\/\/api.w.org\/{rel}","templated":true}]}}